{"id":325,"date":"2026-01-22T16:14:15","date_gmt":"2026-01-22T16:14:15","guid":{"rendered":"https:\/\/preprod-pigeon.goldenmarket-tn.com\/?page_id=325"},"modified":"2026-01-22T16:18:27","modified_gmt":"2026-01-22T16:18:27","slug":"savoir-faire","status":"publish","type":"page","link":"https:\/\/pigeons-propres.fr\/index.php\/savoir-faire\/","title":{"rendered":"savoir-faire"},"content":{"rendered":"\t\t<div data-elementor-type=\"wp-page\" data-elementor-id=\"325\" class=\"elementor elementor-325\">\n\t\t\t\t<div class=\"elementor-element elementor-element-25a0de86 e-con-full e-flex e-con e-parent\" data-id=\"25a0de86\" data-element_type=\"container\" data-e-type=\"container\">\n\t\t<div class=\"elementor-element elementor-element-34eddb25 e-con-full e-flex e-con e-child\" data-id=\"34eddb25\" data-element_type=\"container\" data-e-type=\"container\" data-settings=\"{&quot;background_background&quot;:&quot;classic&quot;}\">\n\t\t\t\t<div class=\"elementor-element elementor-element-1401ae89 elementor-widget elementor-widget-text-editor\" data-id=\"1401ae89\" data-element_type=\"widget\" data-e-type=\"widget\" data-widget_type=\"text-editor.default\">\n\t\t\t\t\t\t\t\t\t<section class=\"hero-electro\"><div class=\"container\"><div class=\"row align-items-center pl-md-3 pr-md-3\"><div class=\"col-md-12\"><h1 class=\"text-white\">Notre savoir-faire<\/h1><p class=\"text-white mt-3 fs-24\">Nous intervenons partout en France mais \u00e9galement en Europe, en Afrique, au Moyen-Orient, en Polyn\u00e9sie, etc.<\/p><div class=\"row mt-4\">\u00a0<\/div><div class=\"row mt-4\">\u00a0<\/div><div class=\"row mt-4\">\u00a0<\/div><div class=\"row mt-4\">\u00a0<\/div><div class=\"row mt-4\">\u00a0<\/div><div class=\"row mt-4\">\u00a0<\/div><div class=\"row mt-4\">\u00a0<\/div><div class=\"row mt-4\" style=\"display: flex; justify-content: center;\"><a href=\"index.php#service\"><button class=\"btn-grad d-flex\">Nos services<\/button><\/a> <a href=\"https:\/\/web.archive.org\/web\/20240421053052\/tel:+33143974861\"><button class=\"btn-grad-2 d-flex\">01 43 97 48 61<\/button><\/a> <button class=\"btn-grad-2 btnForm\" type=\"button\" data-toggle=\"modal\" data-target=\"#exampleModal1\">Besoin d&rsquo;un devis<\/button><\/div><\/div><\/div><\/div><\/section>\t\t\t\t\t\t\t\t<\/div>\n\t\t\t\t<\/div>\n\t\t\t\t<\/div>\n\t\t<div class=\"elementor-element elementor-element-2179df0c e-flex e-con-boxed e-con e-parent\" data-id=\"2179df0c\" data-element_type=\"container\" data-e-type=\"container\" data-settings=\"{&quot;background_background&quot;:&quot;classic&quot;}\">\n\t\t\t\t\t<div class=\"e-con-inner\">\n\t\t\t\t<div class=\"elementor-element elementor-element-63a64c33 elementor-widget elementor-widget-text-editor\" data-id=\"63a64c33\" data-element_type=\"widget\" data-e-type=\"widget\" data-widget_type=\"text-editor.default\">\n\t\t\t\t\t\t\t\t\t<section class=\"bandeau-titre\">\n<h2 class=\"text-center\" style=\"border: 4px #0682F5; border-left-style: solid; padding-left: 20px;\"><span class=\"b-r-s\">Dans un cadre l\u00e9gislatif strict, Pigeon Propre\u00ae tient \u00e0 assurer..\n\n<\/span><\/h2>\n<\/section>\t\t\t\t\t\t\t\t<\/div>\n\t\t\t\t\t<\/div>\n\t\t\t\t<\/div>\n\t\t<div class=\"elementor-element elementor-element-5cd8c86a e-con-full e-flex e-con e-parent\" data-id=\"5cd8c86a\" data-element_type=\"container\" data-e-type=\"container\">\n\t\t\t\t<div class=\"elementor-element elementor-element-2950fbfd elementor-widget elementor-widget-text-editor\" data-id=\"2950fbfd\" data-element_type=\"widget\" data-e-type=\"widget\" data-widget_type=\"text-editor.default\">\n\t\t\t\t\t\t\t\t\t<ul><li class=\"li-jost mt-2\"><i class=\"fa-regular fa-circle-check keyword\"><\/i>\u00a0Le respect du client et de son b\u00e2timent<\/li><li class=\"li-jost mt-2\"><i class=\"fa-regular fa-circle-check keyword\"><\/i>\u00a0Un souci constant de qualit\u00e9 et d\u2019efficacit\u00e9<\/li><li class=\"li-jost mt-2\"><i class=\"fa-regular fa-circle-check keyword\"><\/i>\u00a0Le respect des devis et d\u00e9lais pour la mise en place de la solution anti pigeon<\/li><li class=\"li-jost mt-2\"><i class=\"fa-regular fa-circle-check keyword\"><\/i>\u00a0Le respect de nos techniciens<\/li><li class=\"li-jost mt-2\"><i class=\"fa-regular fa-circle-check keyword\"><\/i>\u00a0Le respect des pigeons et autres volatiles<\/li><\/ul>\t\t\t\t\t\t\t\t<\/div>\n\t\t\t\t<\/div>\n\t\t<div class=\"elementor-element elementor-element-3620ee99 e-flex e-con-boxed e-con e-parent\" data-id=\"3620ee99\" data-element_type=\"container\" data-e-type=\"container\" data-settings=\"{&quot;background_background&quot;:&quot;classic&quot;}\">\n\t\t\t\t\t<div class=\"e-con-inner\">\n\t\t\t\t<div class=\"elementor-element elementor-element-79ba545f elementor-widget elementor-widget-text-editor\" data-id=\"79ba545f\" data-element_type=\"widget\" data-e-type=\"widget\" data-widget_type=\"text-editor.default\">\n\t\t\t\t\t\t\t\t\t<section class=\"bandeau-titre\">\n<h2 class=\"text-center\" style=\"border: 4px #0682F5; border-left-style: solid; padding-left: 20px;\"><span class=\"b-r-s\">La S\u00e9curit\u00e9, un souci constant\n\n<\/span><\/h2>\n&nbsp;\n\n<\/section>\t\t\t\t\t\t\t\t<\/div>\n\t\t\t\t\t<\/div>\n\t\t\t\t<\/div>\n\t\t<div class=\"elementor-element elementor-element-fcef7e7 e-con-full e-flex e-con e-parent\" data-id=\"fcef7e7\" data-element_type=\"container\" data-e-type=\"container\">\n\t\t\t\t<div class=\"elementor-element elementor-element-6f0b3d8 elementor-widget elementor-widget-text-editor\" data-id=\"6f0b3d8\" data-element_type=\"widget\" data-e-type=\"widget\" data-widget_type=\"text-editor.default\">\n\t\t\t\t\t\t\t\t\t<ul><li class=\"li-jost mt-2\"><i class=\"fa-regular fa-circle-check keyword\"><\/i><p>Les techniciens de Pigeon Propre\u00ae travaillent en hauteur, parfois en grande hauteur et leur s\u00e9curit\u00e9 est primordiale.<\/p><p>Selon les moyens d\u2019acc\u00e8s pour l\u2019installation de nos syst\u00e8mes r\u00e9pulsifs, la demande de s\u00e9curit\u00e9 est plus ou moins importante, non seulement pour les travailleurs, mais aussi pour les passants.<\/p><p class=\"font-weight-bold\">Nos moyens d\u2019acc\u00e8s traditionnels aux toitures et fa\u00e7ades sont :<\/p><ul><li style=\"list-style-type: none;\"><ul><li class=\"li-jost mt-2\"><i class=\"fa-regular fa-circle-check keyword\"><\/i>\u00a0l\u2019\u00e9chelle ou l\u2019\u00e9chafaudage roulant<\/li><li class=\"li-jost mt-2\"><i class=\"fa-regular fa-circle-check keyword\"><\/i>\u00a0les nacelles de tous types, dont des poids lourds nous permettant de travailler \u00e0 plus de 60m<\/li><li class=\"li-jost mt-2\"><i class=\"fa-regular fa-circle-check keyword\"><\/i>\u00a0les \u00e9chafaudages fixes lors de restauration comportant plusieurs corps de m\u00e9tier.<\/li><\/ul><\/li><\/ul><p>Pigeon Propre\u00ae travaille avec des cordistes, alpinistes ou \u00ab accros \u00bb, lorsque les acc\u00e8s sont impossibles ou trop lourd par les moyens classiques.<\/p><p>Lors de ce type d\u2019intervention la mise en s\u00e9curit\u00e9 prend une importance pr\u00e9pond\u00e9rante.<\/p><\/li><\/ul>\t\t\t\t\t\t\t\t<\/div>\n\t\t\t\t<\/div>\n\t\t\t\t<\/div>\n\t\t","protected":false},"excerpt":{"rendered":"<p>Notre savoir-faire Nous intervenons partout en France mais \u00e9galement en Europe, en Afrique, au Moyen-Orient, en Polyn\u00e9sie, etc. \u00a0\u00a0\u00a0\u00a0\u00a0\u00a0\u00a0Nos services 01 43 97 48 61 Besoin d&rsquo;un devis Dans un cadre l\u00e9gislatif strict, Pigeon Propre\u00ae tient \u00e0 assurer.. \u00a0Le respect du client et de son b\u00e2timent \u00a0Un souci constant de qualit\u00e9 et d\u2019efficacit\u00e9 \u00a0Le respect&hellip;<\/p>\n","protected":false},"author":1,"featured_media":0,"parent":0,"menu_order":0,"comment_status":"closed","ping_status":"closed","template":"elementor_header_footer","meta":{"footnotes":""},"class_list":["post-325","page","type-page","status-publish","hentry"],"_links":{"self":[{"href":"https:\/\/pigeons-propres.fr\/index.php\/wp-json\/wp\/v2\/pages\/325","targetHints":{"allow":["GET"]}}],"collection":[{"href":"https:\/\/pigeons-propres.fr\/index.php\/wp-json\/wp\/v2\/pages"}],"about":[{"href":"https:\/\/pigeons-propres.fr\/index.php\/wp-json\/wp\/v2\/types\/page"}],"author":[{"embeddable":true,"href":"https:\/\/pigeons-propres.fr\/index.php\/wp-json\/wp\/v2\/users\/1"}],"replies":[{"embeddable":true,"href":"https:\/\/pigeons-propres.fr\/index.php\/wp-json\/wp\/v2\/comments?post=325"}],"version-history":[{"count":4,"href":"https:\/\/pigeons-propres.fr\/index.php\/wp-json\/wp\/v2\/pages\/325\/revisions"}],"predecessor-version":[{"id":331,"href":"https:\/\/pigeons-propres.fr\/index.php\/wp-json\/wp\/v2\/pages\/325\/revisions\/331"}],"wp:attachment":[{"href":"https:\/\/pigeons-propres.fr\/index.php\/wp-json\/wp\/v2\/media?parent=325"}],"curies":[{"name":"wp","href":"https:\/\/api.w.org\/{rel}","templated":true}]}}