{"id":223,"date":"2026-01-22T09:40:38","date_gmt":"2026-01-22T09:40:38","guid":{"rendered":"https:\/\/preprod-pigeon.goldenmarket-tn.com\/?page_id=223"},"modified":"2026-01-22T09:43:04","modified_gmt":"2026-01-22T09:43:04","slug":"effaroucheur-industriel","status":"publish","type":"page","link":"https:\/\/pigeons-propres.fr\/index.php\/effaroucheur-industriel\/","title":{"rendered":"Effaroucheur industriel"},"content":{"rendered":"\t\t<div data-elementor-type=\"wp-page\" data-elementor-id=\"223\" class=\"elementor elementor-223\">\n\t\t\t\t<div class=\"elementor-element elementor-element-ba03943 e-con-full e-flex e-con e-parent\" data-id=\"ba03943\" data-element_type=\"container\" data-e-type=\"container\">\n\t\t<div class=\"elementor-element elementor-element-efbfff2 e-con-full e-flex e-con e-child\" data-id=\"efbfff2\" data-element_type=\"container\" data-e-type=\"container\" data-settings=\"{&quot;background_background&quot;:&quot;classic&quot;}\">\n\t\t\t\t<div class=\"elementor-element elementor-element-e289ff6 elementor-widget elementor-widget-text-editor\" data-id=\"e289ff6\" data-element_type=\"widget\" data-e-type=\"widget\" data-widget_type=\"text-editor.default\">\n\t\t\t\t\t\t\t\t\t<section class=\"hero-electro\"><div class=\"container\"><div class=\"row align-items-center pl-md-3 pr-md-3\"><div class=\"col-md-12\"><h1 class=\"text-white\">Effaroucheur industriel<\/h1><p class=\"text-white mt-3 fs-24\">PIGEON PROPRE\u00ae est l\u2019inventeur du syst\u00e8me d\u2019Electro-R\u00e9pulsion\u00ae et propri\u00e9taire de la marque d\u00e9pos\u00e9e Electro-r\u00e9pulsion\u00ae depuis 1996. Plus de 4000 r\u00e9f\u00e9rences en France et \u00e0 l\u2019International.<\/p><div class=\"row mt-4\">\u00a0<\/div><div class=\"row mt-4\">\u00a0<\/div><div class=\"row mt-4\">\u00a0<\/div><div class=\"row mt-4\">\u00a0<\/div><div class=\"row mt-4\" style=\"display: flex; justify-content: center;\"><a href=\"index.php#service\"><button class=\"btn-grad d-flex\">Nos services<\/button><\/a> <a href=\"https:\/\/web.archive.org\/web\/20240421053052\/tel:+33143974861\"><button class=\"btn-grad-2 d-flex\">01 43 97 48 61<\/button><\/a> <button class=\"btn-grad-2 btnForm\" type=\"button\" data-toggle=\"modal\" data-target=\"#exampleModal1\">Besoin d&rsquo;un devis<\/button><\/div><\/div><\/div><\/div><\/section>\t\t\t\t\t\t\t\t<\/div>\n\t\t\t\t<\/div>\n\t\t\t\t<\/div>\n\t\t<div class=\"elementor-element elementor-element-5384f4b e-flex e-con-boxed e-con e-parent\" data-id=\"5384f4b\" data-element_type=\"container\" data-e-type=\"container\">\n\t\t\t\t\t<div class=\"e-con-inner\">\n\t\t\t\t<div class=\"elementor-element elementor-element-a601c29 elementor-widget elementor-widget-text-editor\" data-id=\"a601c29\" data-element_type=\"widget\" data-e-type=\"widget\" data-widget_type=\"text-editor.default\">\n\t\t\t\t\t\t\t\t\t<p class=\"mb-4\"><strong>L\u2019effaroucheur n\u2019\u00e9tant utilis\u00e9 qu\u2019occasionnellement, nous proposons un contrat de location mensuelle.<\/strong><\/p><div class=\"row\"><div class=\"col-md-6\">\u00a0<\/div><\/div>\t\t\t\t\t\t\t\t<\/div>\n\t\t\t\t\t<\/div>\n\t\t\t\t<\/div>\n\t\t<div class=\"elementor-element elementor-element-2665bbf e-flex e-con-boxed e-con e-parent\" data-id=\"2665bbf\" data-element_type=\"container\" data-e-type=\"container\">\n\t\t\t\t\t<div class=\"e-con-inner\">\n\t\t<div class=\"elementor-element elementor-element-8ebdeba e-con-full e-flex e-con e-child\" data-id=\"8ebdeba\" data-element_type=\"container\" data-e-type=\"container\">\n\t\t\t\t<div class=\"elementor-element elementor-element-4bdb57c elementor-widget elementor-widget-text-editor\" data-id=\"4bdb57c\" data-element_type=\"widget\" data-e-type=\"widget\" data-widget_type=\"text-editor.default\">\n\t\t\t\t\t\t\t\t\t<h3>Principe<\/h3><p>Cris de d\u00e9tresse des volatiles.<\/p><p>Pr\u00e9vention contre le risque aviaire : vanneau, mouette, go\u00e9land, \u00e9tourneau, corbeau, grand cormoran, milan noir, vanneau hupp\u00e9, go\u00e9land marin, go\u00e9land argent\u00e9, mouette rieuse, \u00e9tourneau sansonnet, geai des ch\u00eanes, corbeau freux, corneille noire (ne concerne pas les pigeons).<\/p><h3>Caract\u00e9ristiques de l\u2019effaroucheur :<\/h3><ul><li>Syst\u00e8me homologu\u00e9 par STAC (Service Technique de l\u2019Aviation Civile)<\/li><li>Coffret \u00e9tanche, facilement transportable<\/li><li>Installation tr\u00e8s rapide<\/li><li>Livr\u00e9 avec 2 hauts parleurs<\/li><li>Command\u00e9 par un op\u00e9rateur localement gr\u00e2ce \u00e0 une t\u00e9l\u00e9commande<\/li><li>Il existe une version fixe et une version mobile.<\/li><\/ul><h3>Synth\u00e9tiseur<\/h3><p>Cris de d\u00e9tresse fournis par l\u2019INRA et le CNRS (vanneau, mouette, go\u00e9land, \u00e9tourneau, corbeau, grand cormoran, milan noir, vanneau hupp\u00e9, go\u00e9land marin, go\u00e9land argent\u00e9, mouette rieuse, \u00e9tourneau \/ sansonnet, geai des ch\u00eanes, corbeau freux, corneille noire).<\/p>\t\t\t\t\t\t\t\t<\/div>\n\t\t\t\t<\/div>\n\t\t<div class=\"elementor-element elementor-element-657d9d4 e-con-full e-flex e-con e-child\" data-id=\"657d9d4\" data-element_type=\"container\" data-e-type=\"container\">\n\t\t\t\t<div class=\"elementor-element elementor-element-b2bc4d3 elementor-widget elementor-widget-text-editor\" data-id=\"b2bc4d3\" data-element_type=\"widget\" data-e-type=\"widget\" data-widget_type=\"text-editor.default\">\n\t\t\t\t\t\t\t\t\t<h3>Caract\u00e9ristiques techniques<\/h3><ul><li>Boitier dimension : 430 x 330 x 200 cm<\/li><li>Alimentation : 230 V AC<\/li><li>Protection : fusible 5 A<\/li><li>Consommation en veille : 120 mA max<\/li><li>Consommation en fonctionnement : 5A max<\/li><li>Gamme de temp\u00e9rature : \u2013 20 \u00b0C \u00e0 + 55 \u00b0C<\/li><li>2 haut-parleurs \u00e0 chambre de compression : 30 W 8 ohms<\/li><li>Puissance de sortie ampli : 30 W RMS sous 4 ohms (porte \u00e0 plus de 100 m\u00e8tres \u00e0 pleine puissance dans un environnement calme)<\/li><li>Protection contre les courts-circuits et surchauffe<\/li><li>Horloge \u00e9lectrique : programmation de plages horaires<\/li><\/ul><h3>Fonctionnement de l\u2019effaroucheur<\/h3><ul><li>Bouton marche\/arr\u00eat<\/li><li>Bouton de test de bon fonctionnement<\/li><li>Voyants de contr\u00f4le<\/li><li>Mode manuel : diffusion d\u2019un cri pendant 45s puis arr\u00eat automatique<\/li><li>Mode AUTO : s\u00e9quence de 45s de cri suivi de 1 mn de silence sans interruption pendant les plages horaires de fonctionnement<\/li><li>Arr\u00eat automatique ou sur commande op\u00e9rateur<\/li><li>R\u00e9glage volume sonore<\/li><li>Gestion des alarmes<\/li><\/ul>\t\t\t\t\t\t\t\t<\/div>\n\t\t\t\t<\/div>\n\t\t\t\t\t<\/div>\n\t\t\t\t<\/div>\n\t\t\t\t<\/div>\n\t\t","protected":false},"excerpt":{"rendered":"<p>Effaroucheur industriel PIGEON PROPRE\u00ae est l\u2019inventeur du syst\u00e8me d\u2019Electro-R\u00e9pulsion\u00ae et propri\u00e9taire de la marque d\u00e9pos\u00e9e Electro-r\u00e9pulsion\u00ae depuis 1996. Plus de 4000 r\u00e9f\u00e9rences en France et \u00e0 l\u2019International. \u00a0\u00a0\u00a0\u00a0Nos services 01 43 97 48 61 Besoin d&rsquo;un devis L\u2019effaroucheur n\u2019\u00e9tant utilis\u00e9 qu\u2019occasionnellement, nous proposons un contrat de location mensuelle. \u00a0 Principe Cris de d\u00e9tresse des volatiles.&hellip;<\/p>\n","protected":false},"author":1,"featured_media":0,"parent":0,"menu_order":0,"comment_status":"closed","ping_status":"closed","template":"elementor_header_footer","meta":{"footnotes":""},"class_list":["post-223","page","type-page","status-publish","hentry"],"_links":{"self":[{"href":"https:\/\/pigeons-propres.fr\/index.php\/wp-json\/wp\/v2\/pages\/223","targetHints":{"allow":["GET"]}}],"collection":[{"href":"https:\/\/pigeons-propres.fr\/index.php\/wp-json\/wp\/v2\/pages"}],"about":[{"href":"https:\/\/pigeons-propres.fr\/index.php\/wp-json\/wp\/v2\/types\/page"}],"author":[{"embeddable":true,"href":"https:\/\/pigeons-propres.fr\/index.php\/wp-json\/wp\/v2\/users\/1"}],"replies":[{"embeddable":true,"href":"https:\/\/pigeons-propres.fr\/index.php\/wp-json\/wp\/v2\/comments?post=223"}],"version-history":[{"count":7,"href":"https:\/\/pigeons-propres.fr\/index.php\/wp-json\/wp\/v2\/pages\/223\/revisions"}],"predecessor-version":[{"id":230,"href":"https:\/\/pigeons-propres.fr\/index.php\/wp-json\/wp\/v2\/pages\/223\/revisions\/230"}],"wp:attachment":[{"href":"https:\/\/pigeons-propres.fr\/index.php\/wp-json\/wp\/v2\/media?parent=223"}],"curies":[{"name":"wp","href":"https:\/\/api.w.org\/{rel}","templated":true}]}}